. Calculate the remainder when d is divided by 30.
29
Suppose d + 5*h = -1 - 9, -4*h = 2*d + 8. Suppose d = -6*n + 3*n. Let f = n - -2. What is the remainder when 4 is divided by f?
0
Let d(h) = h**2 - 4*h**2 - h**3 - 4*h - 6 - 2*h. Suppose -4*g = 2*p - 47 + 3, -2 = -p + 2*g. Calculate the remainder when d(-4) is divided by p.
10
Let h = -10 - -21. Suppose 0 = -0*t - 3*t + 372. Suppose j - 5*j + t = 0. What is the remainder when j is divided by h?
9
Let u(n) = 4*n**3 + n**2 + 2*n + 1. Suppose -p + 4 = p. Suppose -2*v + 28 = -0*v. What is the remainder when u(p) is divided by v?
13
Suppose 4*u = -f - 14, -2*f - 4*u = -3*u. Let l(x) = -7 - 6 + 2 + 3*x - x. What is the remainder when l(8) is divided by f?
1
Suppose -3*v = -306 + 24. Calculate the remainder when v is divided by (6*4*-1)/(-1).
22
Let x(c) = 8*c**2 - 3*c + 2*c + 4*c**2. Let q(n) = -n**2 - 4*n + 2. Let g be q(0). What is the remainder when x(g) is divided by 16?
14
Suppose 2*t - 5*w - 47 = 0, 2*t + 3*w - 107 = -2*t. Calculate the remainder when t is divided by 2 + 0 + 5 + 0.
5
Let v(k) = -11*k**2 + k. Let g be v(-1). Suppose -7*u + 2*u + 5 = -2*s, 4*s - 3*u - 25 = 0. Calculate the remainder when (-166)/(-6) + (-4)/g is divided by s.
8
Let r(j) = -j**3 + 5*j**2 + 5*j + 8. Let w be r(6). Let v be 4*((w - 2) + 1). Let x(q) = q**2 - 3. What is the remainder when 25 is divided by x(v)?
12
What is the remainder when 10 is divided by 2/(-3) + 20/3?
4
Let r(u) = -7*u + 15. What is the remainder when r(-8) is divided by 4?
3
Let w(z) = -z**2 - 14*z - 13. Let j be w(-9). Suppose 32 = g - 13. Let y = g - j. What is the remainder when 24 is divided by y?
11
Suppose -16*n = -12*n - 96. Calculate the remainder when 45 is divided by n.
21
Let v be (2/(-6))/(3/(-18)). Calculate the remainder when (8/6)/(1/3) is divided by (-7)/(-2) - v/4.
1
Let y be 12/(-10)*45/(-6). What is the remainder when 10 is divided by 3 + (-3)/y*0?
1
Let l(a) = -a**2 + 16*a - 44. Calculate the remainder when 14 is divided by l(12).
2
Let a(z) = z**2 + 115. What is the remainder when a(0) is divided by 40?
35
Suppose -2*k + 82 = -86. Calculate the remainder when k is divided by 17.
16
Let x(h) = 2*h. Let v be x(-2). Let a = v - -6. Suppose a*f + 1 = 2*w + 21, -2*f + 20 = -w. What is the remainder when 29 is divided by f?
9
Suppose 5*n + 0 = 20. Let w(q) = q**2 - 2*q - 2. Let c be w(n). What is the remainder when 7 is divided by (6/(-12))/((-1)/c)?
1
Suppose -52 = -5*p + 18. Let h be (35/p)/((-1)/(-22)). Let c = -38 + h. Calculate the remainder when 32 is divided by c.
15
Let q(k) = -5*k**3 - 2*k**2 + 2*k + 2. Let n = 55 - -62. What is the remainder when n is divided by q(-2)?
27
Let m(t) = -t - 5. Let r be m(-5). Suppose -6*x + 2*x + 28 = r. Suppose 0*n - 2*n + 8 = 0. What is the remainder when x is divided by n?
3
Let a(n) = n**2 + 11*n + 29. What is the remainder when 206 is divided by a(-10)?
16
Suppose -586 - 706 = -34*s. Suppose -5*a - r + 4*r = -56, 5*r = -3*a + 54. Calculate the remainder when s is divided by a.
12
Suppose 4*a = -4*p + 28, 4*a - 12 = -0*a. Suppose -3*y - s = -p*y - 17, -3*y + 2*s - 48 = 0. Let l = 3 - y. What is the remainder when l is divided by 6?
5
Suppose 4*i + 32 = 4*g, -2*i - 4 = g + g. Suppose m + 50 = s + 5*m, 0 = 3*m - 9. What is the remainder when s is divided by g/6*22 - -2?
12
Suppose -4*z = 4*o - 40, -4 - 4 = 2*o. Calculate the remainder when z is divided by 4.
2
Let q be ((-6)/9)/(1/3). Let z be q/10 + (-272)/(-10). Suppose t = p - z, -2*p - 3*t = 21 - 95. Calculate the remainder when p is divided by 16.
15
Suppose 2*p = q - 9 - 4, 2 = -2*q - 3*p. Suppose -2*d + q*d = 36. Let y(k) = -4*k**3 - 3*k**2 + k + 4. Calculate the remainder when y(-2) is divided by d.
10
Let r = 28 - 18. Suppose -2*m + r = -0*m, -2*v + 2*m = 4. Let i = 4 + -2. What is the remainder when v is divided by i?
1
Suppose 0 = n - 4*o + 4, -12*n + 5*o - 55 = -17*n. What is the remainder when n is divided by (6/(-4))/((-1)/4)?
2
Let n = 46 - -8. Calculate the remainder when n is divided by 19.
16
Let n = 6 - -2. Let f = 33 + -16. Suppose 0 = l - 6 - f. What is the remainder when l is divided by n?
7
Suppose 5*i - 63 = 42. Suppose 563 + 166 = 9*o. What is the remainder when o is divided by i?
18
Let m(a) = -a**2 + 11*a - 12. Calculate the remainder when (-232)/(-5) - (-2)/(-5) is divided by m(7).
14
Let c be 3/(-6) - 15/(-2). Let k(o) = c*o - 5 + 4 + 1. What is the remainder when k(3) is divided by 6?
3
Suppose -2*n = -0*n - 10. Calculate the remainder when (-7)/1*-2*1 is divided by n.
4
Suppose 5*m + 0 = -3*d + 61, 0 = 2*d - 4*m - 26. Let g be (-10)/(-15) - 2/3. Suppose 0 = -n - g*n + 6. Calculate the remainder when d is divided by n.
5
Let y(x) = -4*x**2 + x + 5 + 85 + 1 + 3*x**2. Calculate the remainder when y(0) is divided by 23.
22
Suppose 0 = -2*k - 5*r + 45, 3*r + 0*r = 9. Let b(i) = 2*i**3 - 2*i**2 - 2. Calculate the remainder when k is divided by b(2).
3
Suppose 5*l = -l + 24. What is the remainder when 14 is divided by l?
2
Suppose 2*c = 4*b - 24, 50 = -5*c - 4*b - 10. Let d = 23 + c. What is the remainder when 20 is divided by d?
9
Let v(x) = 8*x**2. What is the remainder when 14 is divided by v(1)?
6
Suppose -39 = -4*w + 1. Let p(j) = -j + 2. Let o be p(-2). Let u(g) = g + 2. What is the remainder when w is divided by u(o)?
4
Let c(i) = -3*i - 1. Let d(r) = 6*r + 1. Let q(u) = -5*c(u) - 3*d(u). What is the remainder when 21 is divided by q(-2)?
5
Suppose -4*n - 82 = -3*r, 100 = 4*r - n - 2*n. Calculate the remainder when 85 is divided by r.
19
What is the remainder when 125 is divided by (19/1)/(27/27)?
11
What is the remainder when ((-402)/4)/(5 - (-230)/(-40)) is divided by 15?
14
Let q(p) be the third derivative of 17*p**5/60 + 2*p**2. What is the remainder when q(-1) is divided by 6?
5
Suppose 0 = -4*q - 16 - 16. Let p = 6 - q. Calculate the remainder when p is divided by 8.
6
Suppose 0 = 2*a + 2*c + c - 51, 3*a + 2*c = 79. What is the remainder when 76 is divided by a?
22
Let p = -42 + 91. Calculate the remainder when p is divided by 25.
24
What is the remainder when 13 is divided by (2*-3)/((-10)/15)?
4
Let c = 68 - 3. Calculate the remainder when c is divided by 17.
14
Suppose 5*a = 4*a. Suppose 0 = -a*m - 5*m + 45. What is the remainder when 25 is divided by m?
7
Let i be 4/16 + (-18)/8. Let n = 19 + -12. Calculate the remainder when (i/6)/(3/(-171)) is divided by n.
5
What is the remainder when 108 is divided by (-3)/(-2)*(-5 - (-178)/6)?
34
Let u be ((-27)/4)/(2/(-16)). Let g = 79 - u. Calculate the remainder when g is divided by 9.
7
Suppose -t + 37 = 6. Let j(a) = 2*a - 5. Let k be j(5). Suppose 39 = 4*c - k*q, 3*c - 28 = -q + 25. Calculate the remainder when t is divided by c.
15
Suppose 33 + 39 = 3*t. What is the remainder when t is divided by 213/15 + (-1)/5?
10
Let k be -2 - (-5)/(10/8). Let n be (8/(-5))/(k/(-5)). Suppose -n*d + 14 = -6. Calculate the remainder when 13 is divided by d.
3
Let j(n) = -n**3 + 6*n**2 - 4*n - 1. Let x = -1 + -3. Let a = 0 - x. What is the remainder when 42 is divided by j(a)?
12
Suppose -16 = -z + 3*z. Calculate the remainder when 2/((-2)/26*-2) is divided by (z/24)/((-2)/42).
6
Calculate the remainder when 47 is divided by (-4)/(-14) - 820/(-70).
11
Suppose 3*x + 5*q - 101 = 0, -4*q = 4*x - 4 - 144. Suppose -u - 3*s = 2*u - 36, -3*u + 29 = -4*s. Calculate the remainder when x is divided by u.
9
Let y = -22 - -37. Calculate the remainder when 42 is divided by y.
12
What is the remainder when 13 is divided by (-10)/(-3)*(-9)/(-6)?
3
Let z be ((2 + -2)/3)/1. Suppose 5 + z = g. Let u = g + -1. What is the remainder when 14 is divided by u?
2
Suppose -204 + 652 = 8*t. Calculate the remainder when 390 is divided by t.
54
Suppose -z + 3*y = -2*z + 61, 3*y - 195 = -3*z. What is the remainder when z is divided by 14?
11
Suppose -4*r = -9*r + 265. Let l be 26/(-10) + (-8)/20. What is the remainder when r is divided by (-8)/l*6 + -2?
11
Let f(n) = 10*n + 8. Let z(v) = 41*v + 31. Let i(h) = -9*f(h) + 2*z(h). Calculate the remainder when i(-6) is divided by 14.
10
What is the remainder when (-7)/(-21)*(86 - -1) is divided by 8?
5
Suppose 5*l - w = 75, -3*w + 2*w = 2*l - 37. Let m = -68 - -111. Suppose -k + m = 14. Calculate the remainder when k is divided by l.
13
Let d(t)